3*z - 6, -3*s + 5*z = -0*s + 2. Let d(a) = -a**2 + s + 0*a**2 + 0*a**2 + 5*a. Suppose 5 = -2*n + 15. Calculate d(n).
1
Let n(i) be the third derivative of -i**6/120 + i**5/15 - i**4/8 - i**2. Suppose 14 = 3*v - 2*k, 7*k = 3*k - 16. Calculate n(v).
2
Let u(p) = -5*p**2 - 3*p. Let g(t) = 4*t**2 + 2*t + 1. Let h(j) = -6*g(j) - 5*u(j). Determine h(-6).
12
Suppose r + 4*r = 0. Let a be 1 + -1*(-2 - -1). Let b(d) = -4*d**a - d - 3 + 4*d**2 + d**2. Give b(r).
-3
Let t(w) = 11 - 228*w - 226*w + 453*w. Calculate t(0).
11
Let s(k) = -k**3 + 3*k**2 + 4*k - 2. Let h be ((-2)/(-4))/(12/72). Give s(h).
10
Suppose 3*k - 7*k = -12. Suppose -4*h - 2*y - 3 + 25 = 0, k*h - 14 = y. Let j(q) = -q**2 + 3 + h*q**2 - 1 - 3 + q**3. Calculate j(-4).
-1
Let g = -3 - -6. Let p(w) = g + 4*w**2 - w - 2*w - 6*w**2. Calculate p(-3).
-6
Suppose 0 = 15*s - 15 - 45. Let y(d) = -d**3 + 3*d**2 + d + 1. Calculate y(s).
-11
Let n(v) be the first derivative of -1/2*v**2 - 2 - 3*v. Calculate n(-3).
0
Suppose 4 = y - 3. Suppose u = -3*c - y, -3*u - u = 2*c + 18. Let q(j) = 8*j**2 - j. What is q(c)?
9
Let s be (-9)/(-18) - (-3)/2. Let c(y) = -s*y + 22 - 11 - 6. What is c(4)?
-3
Let w be -5 - 1 - (-2 + 0). Let z(o) be the third derivative of -o**6/120 - o**5/15 + o**4/12 + 5*o**3/6 - 3*o**2. Determine z(w).
-3
Suppose -3*i + 6*i = -3*b + 15, -b + 14 = 4*i. Suppose -i*r = -2*r - 3. Let l(w) = 2*w - 4. Give l(r).
2
Let j(g) = 4*g**2 + 1. Let b be j(-1). Let s(m) be the second derivative of -m**3/3 + 3*m**2 + 8*m. Calculate s(b).
-4
Let q(a) = a**2 - a - 4. Let c be (0/4 - -1)*0. Calculate q(c).
-4
Let g(u) = 2*u + 3. Let l(z) = 3*z + 6. Let c(m) = 5*g(m) - 3*l(m). Suppose -5*p - i = 2*i - 35, 5*p - 40 = -4*i. Calculate c(p).
1
Let t be -8 - -1*(0 - -1). Let f(z) = z**2 + 7*z + 10. Give f(t).
10
Let f be ((-6)/4)/(39/(-52)). Let g(n) = f*n - 2*n + n + 5. Let k(j) = j**3 + 4*j**2 + j + 1. Let c be k(-4). What is g(c)?
2
Suppose a = -0*a - 2*g + 2, 5*g + 6 = 3*a. Let t(i) = 5*i + 1. Determine t(a).
11
Let y(a) = 10 + 7*a - 7 + a**2 + 5. Give y(-6).
2
Suppose -2*g - 2*m = -4, -g - 2*m - 3*m + 2 = 0. Suppose -g*s - 2*s - 8 = 0. Let i(k) = k**3 + 2*k**2. Determine i(s).
0
Let l be 15/(-12) - (-2)/8. Let o(q) = 25 + 31 - 2*q - 84 + 28. Determine o(l).
2
Let b(w) = -w - 7. Suppose 4*a = 5*z + 22, -5*a + 4*z - z = -21. Let u be (-2)/((-2)/(-1))*6. Let g = u + a. Calculate b(g).
-4
Let u = 113 - 119. Let l(g) = -g - 4. Give l(u).
2
Let c(p) = 8*p + 1. Let o(i) = -2*i - 18. Let x be o(-12). Suppose 3 - x = 3*a. Determine c(a).
-7
Let t(z) = z**3 + 6*z**2 + 7*z + 2. Let q(n) = -n**2 - n. Suppose -2*u - 72 = 2*u. Let d = -12 - u. Let g(y) = d*q(y) + t(y). Calculate g(0).
2
Let d(m) = -3*m**2 - m**3 - 5*m - 1 + m**2 - 2 - 3*m**2. Let b be d(-4). Let x(q) = -q + 1. Determine x(b).
0
Let b = 2 + -2. Let p(d) = d + d**2 - d - d + 2 - 1. Give p(b).
1
Let h(y) be the first derivative of -y**2 + y - 41. What is h(-3)?
7
Let c = 12 + -10. Let z(u) = 2*u**3 - 1 + u**2 - 1 - 3*u**2. Determine z(c).
6
Let q(z) = -z**2 + 11*z - 2. Let p be 2/(5*4/80). Give q(p).
22
Let c(v) be the third derivative of 11*v**8/6720 - v**7/1260 + v**5/120 - v**4/8 + 6*v**2. Let r(z) be the second derivative of c(z). Determine r(1).
10
Let f be (10/(-8))/(1/(-4)). Let r(b) be the first derivative of -2 + 1/2*b**2 + 0*b. What is r(f)?
5
Let b(j) be the second derivative of -j**4/12 + 2*j**3/3 + 7*j**2/2 + 3*j. Determine b(6).
-5
Let q(v) = v + 10. Let s(t) = -t - 11. Let r(f) = -3*q(f) - 2*s(f). Let x = 11 + -17. What is r(x)?
-2
Let a(u) = u. Let b = -13 + 18. Suppose -b*z - 4*l + 0*l = 9, -5*l = 4*z + 9. Give a(z).
-1
Let k(z) = z**3 + 6*z**2 + 3*z - 4. Let q(c) = 4*c - 14 + 16 + 19 - 2*c. Let u be q(-13). Determine k(u).
6
Let a(h) = -h**3 - 3*h**2 + 4*h - 3. Let c(t) = -t**2 - 5*t - 4. Let o be c(-5). Calculate a(o).
-3
Let q(h) = 5 - 4*h**2 + 4*h**2 - h**2. Calculate q(0).
5
Suppose -4*g - 51 = -59. Let o(l) = -l**3 + 3*l**2 - 3*l + 1. Determine o(g).
-1
Let o(v) = v**3 + 4*v**2 + v. Let c be 2/(-4) - 120/16. Suppose -t = 2*t + 9. Let d be (t/6)/((-1)/c). What is o(d)?
-4
Suppose 1 = 3*d - 5. Suppose -7*y + d*y = -5. Let p(o) = 5*o**3 - o**2 + o - 2*o - y + 3*o. Give p(1).
5
Let g(t) = t**2 + 3*t - 7. Let p be g(-5). Let a(n) = -n**3 + 2*n**2 + n. Calculate a(p).
-6
Let q(u) be the first derivative of 25*u**4/4 + u**2 + u + 27. Give q(-1).
-26
Let f(a) = -2*a - 28. Let c(s) = -s - 9. Let p(r) = 7*c(r) - 2*f(r). What is p(-6)?
11
Suppose 2*n - n - 2 = 0. Let c(h) = 14*h**3 - 20*h**2 + 6*h + 20. Let f(k) = -7 - 2*k + k - k + 7*k**2 - 5*k**3 + 0. Let r(u) = -6*c(u) - 17*f(u). Give r(n).
7
Let j = -5 - -7. Let a(b) = 5*b**2 - 2*b**j + 3*b + 2*b**2 - 2*b. Determine a(1).
6
Suppose i + 12 = 5*f, 5*i - 12 = 3. Let n(l) = 4*l - l**3 + 4*l**2 - l**2 + f - l + 2*l. Let p(u) = -u - 1. Let c be p(-5). What is n(c)?
7
Suppose 0 = r - 0*j - 2*j - 9, 3*r - 25 = 5*j. Let q(c) = c**3 - 5*c**2 + 3*c + 4. What is q(r)?
19
Let z(b) = -3*b + 5*b - 3*b + b**2 - 1. Suppose -6*v + 5*v = 1. Calculate z(v).
1
Let w(q) = -q + 2*q**2 - 2 + 1 + 5 - 6*q. Suppose 0 = -j - 0*j - 3, j + 11 = 2*o. Determine w(o).
8
Let c(w) = -w**2 + 2*w + 9. Let o(s) = 1 - 4 + 2 + 0. Let y(a) = c(a) + 5*o(a). Give y(3).
1
Let b(y) be the first derivative of y**4/4 + 5*y**3/3 - 7*y**2/2 + 7*y - 10. What is b(-6)?
13
Let l(c) = -2*c**2 - 3*c - 1. Let t be 1 + 3/(9/(-6)). Let w(b) = b**3 - 2*b**2 - 2*b - 1. Let s be w(t). Determine l(s).
-3
Let j(y) be the second derivative of -3*y + 0 + 0*y**2 + 1/3*y**3. What is j(2)?
4
Suppose 4 = -2*g, -2*z + 4*z - 2 = -5*g. Let c(v) = v**2 - 5*v - 7. Determine c(z).
-1
Let t = 10 - 16. Let f(c) = 15*c + 16. Let u(s) = 4*s + 4. Let l(k) = -6*f(k) + 22*u(k). Give l(t).
4
Let x(b) be the first derivative of -b**7/840 + b**6/360 - b**4/24 + 2*b**3/3 - 1. Let s(g) be the third derivative of x(g). Let a = 35 - 34. Determine s(a).
-1
Let x(z) be the second derivative of 0*z**2 + 1/2*z**3 + 0 - 4*z. Give x(-1).
-3
Suppose 5 = 3*f - 4*f, 4*r + f = 23. Let u(m) = -10*m + r*m + m**2 + 9*m - 4. Give u(-6).
-4
Let f = 80 - 80. Let s(z) be the second derivative of 5/12*z**4 + f - 3*z - 1/2*z**3 - 1/20*z**5 - 1/2*z**2. Calculate s(3).
8
Let j = -93 + 87. Let h(k) = k**3 + 2*k**2 + 3*k + 9. Let b(w) = -w**2 + 1. Let u(d) = 4*b(d) - h(d). Give u(j).
13
Suppose -2*s - 11 = -27. Suppose -s = -a - a. Suppose d - 8 + a = 0. Let z(x) = x**2 - 2*x + 1. Determine z(d).
9
Let g(w) = w**3 + 6*w**2 - 3*w - 8. Suppose -20*l = -23*l - 18. Give g(l).
10
Let v(c) = 8*c - 5*c**2 - 5 + c**3 - 17*c + 6*c + 0*c. Determine v(6).
13
Let q(j) = -2*j**2 - 3 + 2*j + 6*j**2 + 2*j**3 - 1 - j**2. Let b(f) = -3*f**3 - 3*f**2 - 3*f + 5. Let l(x) = -3*b(x) - 4*q(x). Determine l(2).
-1
Suppose 2*a = 2 - 0. Let x(z) be the first derivative of z**3/3 - z**2/2 + z - 4. Let m be x(a). Let b(i) = -i**2. Give b(m).
-1
Let k(n) be the second derivative of n**5/20 - n**4/6 - 7*n**3/6 + 5*n**2/2 - 15*n. Calculate k(4).
9
Let h(l) = l**3 + 6*l**2 + 5*l + 2. Let i be h(-5). Let s(v) = -i - 4*v + 2 - 2 + 3*v. Let t = 7 - 4. Give s(t).
-5
Let c(x) be the third derivative of x**4/24 + 2*x**3 + x**2 + 29*x. Calculate c(-6).
6
Let m(w) be the second derivative of -w**5/20 - w**4/4 + 7*w**3/6 + 3*w**2 + 2*w. Calculate m(-4).
-6
Let q(v) = v**2 + 6*v - 2. Let d = 24 + -30. Give q(d).
-2
Let i = -5 + 5. Suppose -2*b + 0*b = i. Let a(h) be the third derivative of -h**6/120 + h**4/24 + h**3/2 - 13*h**2. Give a(b).
3
Let a(p) be the second derivative of -p**4/12 + p**3/6 + 15*p**2/2 + 9*p. Determine a(0).
15
Let m be (-1)/(-2) - (-90)/20. Let t(c) = -c + 4. Calculate t(m).
-1
Suppose 8 = g + z, -3*g - 5*z + 32 = 4. Let h(p) = -g*p**2 + p**3 - 3*p**3 - 5 + 0 + 3*p**3. What is h(6)?
-5
Let c(f) be the first derivative of -f**2/2 - 2*f - 4. What is c(-6)?
4
Let i(b) = b**2 - b. Let f(d) = -7*d**2 + 9*d - 3. Let g = 8 - 3. Suppose -z + 18 = -3*x + 3*z, -2*z - 30 = g*x. Let r(m) = x*i(m) - f(m). Give r(4).
7
Let g(x) = -x + 9 + 9 - 17. Give g(0).
1
Let v = -9 - -13. Let q(d) = -2*d + 1 - v - 1. Let c = 338 + -342. Give q(c).
4
Let f(t) = t**2 + 2*t - 1. Let g = 8 + -10. What is f(g)?
-1
Let h(t) be the first derivative of t**3/3 + 9*t**2/2 + 8*t - 10. Determine h(-8).
0
Let k(r) = -r**3 + 4*r**2 + 4*r + 1. Let 